{"id":26,"date":"2023-08-18T11:15:49","date_gmt":"2023-08-18T09:15:49","guid":{"rendered":"https:\/\/nyomtatlak.hu\/?page_id=26"},"modified":"2023-08-18T11:44:20","modified_gmt":"2023-08-18T09:44:20","slug":"szerzoi-jogvedelem","status":"publish","type":"page","link":"https:\/\/nyomtatlak.hu\/index.php\/szerzoi-jogvedelem\/","title":{"rendered":"Szerz\u0151i jogv\u00e9delem"},"content":{"rendered":"\n<p>A&nbsp;honlapunkon tal\u00e1lhat\u00f3 m\u00e1rkanevek, v\u00e9djegyek<br>a k\u00e9sz\u00fcl\u00e9kek gy\u00e1rt\u00f3inak tulajdon\u00e1t k\u00e9pezik!<br>&nbsp;Ezek az inform\u00e1ci\u00f3k itt csak megk\u00fcl\u00f6nb\u00f6ztet\u00e9sre szolg\u00e1lnak!<br>&nbsp;<br>&nbsp;<br>&nbsp;&nbsp;<\/p>\n\n\n\n<p>All brand names and trademarks are the properties of their respective holders<br>and are mentioned here for descriptive purposes only.<\/p>\n","protected":false},"excerpt":{"rendered":"<p>A&nbsp;honlapunkon tal\u00e1lhat\u00f3 m\u00e1rkanevek, v\u00e9djegyeka k\u00e9sz\u00fcl\u00e9kek gy\u00e1rt\u00f3inak tulajdon\u00e1t k\u00e9pezik!&nbsp;Ezek az inform\u00e1ci\u00f3k itt csak megk\u00fcl\u00f6nb\u00f6ztet\u00e9sre szolg\u00e1lnak!&nbsp;&nbsp;&nbsp;&nbsp; All brand names and trademarks are the properties of their respective holdersand are mentioned here for descriptive purposes only.<\/p>\n","protected":false},"author":1,"featured_media":0,"parent":0,"menu_order":0,"comment_status":"closed","ping_status":"closed","template":"","meta":{"footnotes":""},"class_list":["post-26","page","type-page","status-publish","czr-hentry"],"_links":{"self":[{"href":"https:\/\/nyomtatlak.hu\/index.php\/wp-json\/wp\/v2\/pages\/26","targetHints":{"allow":["GET"]}}],"collection":[{"href":"https:\/\/nyomtatlak.hu\/index.php\/wp-json\/wp\/v2\/pages"}],"about":[{"href":"https:\/\/nyomtatlak.hu\/index.php\/wp-json\/wp\/v2\/types\/page"}],"author":[{"embeddable":true,"href":"https:\/\/nyomtatlak.hu\/index.php\/wp-json\/wp\/v2\/users\/1"}],"replies":[{"embeddable":true,"href":"https:\/\/nyomtatlak.hu\/index.php\/wp-json\/wp\/v2\/comments?post=26"}],"version-history":[{"count":2,"href":"https:\/\/nyomtatlak.hu\/index.php\/wp-json\/wp\/v2\/pages\/26\/revisions"}],"predecessor-version":[{"id":50,"href":"https:\/\/nyomtatlak.hu\/index.php\/wp-json\/wp\/v2\/pages\/26\/revisions\/50"}],"wp:attachment":[{"href":"https:\/\/nyomtatlak.hu\/index.php\/wp-json\/wp\/v2\/media?parent=26"}],"curies":[{"name":"wp","href":"https:\/\/api.w.org\/{rel}","templated":true}]}}